1 composite?
True
Is 129674393213 a prime number?
False
Is 84077194895 a prime number?
False
Is 644083853 a composite number?
True
Is 564581957 a composite number?
False
Is 19693024955 prime?
False
Is 11484319855 prime?
False
Is 6658680019 a composite number?
False
Is 895861919 composite?
True
Is 393357257 prime?
True
Is 623109809 composite?
True
Is 38246561621 composite?
False
Is 12969027051 prime?
False
Is 2271650027 prime?
True
Is 3851694485 a prime number?
False
Is 3103375069 a composite number?
False
Is 1045536953 a composite number?
False
Is 241308366749 composite?
True
Is 7594616297 a prime number?
True
Is 93556997473 composite?
True
Is 25181321573 composite?
False
Is 675668353 a prime number?
True
Is 407693969 a prime number?
False
Is 109877903323 a composite number?
False
Is 15003278357 a prime number?
True
Is 164538553 a prime number?
False
Is 69905492561 a prime number?
False
Is 555910393 prime?
False
Is 19738295677 prime?
False
Is 3751913827 a composite number?
False
Is 411716141 a prime number?
False
Is 9602899507 a composite number?
False
Is 14714851555 a composite number?
True
Is 1377115613 prime?
True
Is 4088966401 composite?
True
Is 1220236673 a prime number?
True
Is 5118668041 a prime number?
True
Is 22469656273 a composite number?
False
Is 562489819 composite?
False
Is 1046807189 prime?
False
Is 2160482593 a prime number?
True
Is 694037191 composite?
True
Is 874700747 a prime number?
False
Is 3848085919 prime?
False
Is 734525257 a prime number?
True
Is 1026376643 a prime number?
True
Is 3909126677 prime?
False
Is 384923971 a composite number?
True
Is 3653931139 a composite number?
False
Is 127995704261 a composite number?
True
Is 6263525327 composite?
False
Is 230024087 a prime number?
False
Is 1473921377 composite?
True
Is 11562242353 a prime number?
True
Is 1983839213 prime?
True
Is 680188097 composite?
False
Is 4664998165 composite?
True
Is 13049429803 prime?
False
Is 7819853719 composite?
False
Is 3299995367 a composite number?
False
Is 9959753449 composite?
True
Is 775114363 prime?
True
Is 485248259 prime?
True
Is 2224660879 a composite number?
True
Is 20563489759 prime?
True
Is 6071321803 a composite number?
False
Is 34279386331 prime?
False
Is 1375037879 prime?
True
Is 32897183057 composite?
False
Is 3003117587 composite?
False
Is 1332251961 prime?
False
Is 148687172867 a prime number?
True
Is 688916923 a prime number?
True
Is 10678333769 composite?
True
Is 10484100049 a prime number?
False
Is 716025157 composite?
True
Is 24633007909 prime?
True
Is 2177447677 a prime number?
False
Is 397282121 composite?
True
Is 1296104791 composite?
True
Is 68750878349 composite?
True
Is 6038692591 a composite number?
True
Is 2089452511 a prime number?
True
Is 43876485317 composite?
True
Is 11799104309 prime?
False
Is 48440753 prime?
False
Is 1309110263 prime?
True
Is 45849647341 prime?
True
Is 3710583923 prime?
False
Is 1002452947 prime?
False
Is 122198203 a prime number?
True
Is 1744817777 composite?
True
Is 3331825837 composite?
False
Is 259979431 composite?
True
Is 19760229199 prime?
False
Is 328930493 composite?
True
Is 11424846659 a composite number?
True
Is 286894099 a composite number?
False
Is 2033801501 a prime number?
True
Is 1502607251 composite?
False
Is 1085264107 prime?
False
Is 34955792903 a prime number?
False
Is 7571381819 a prime number?
False
Is 4517216635 composite?
True
Is 5857280977 a composite number?
True
Is 1279769549 composite?
True
Is 381732941 composite?
False
Is 165678479819 composite?
False
Is 7539187729 composite?
False
Is 14267599429 a prime number?
False
Is 6053634019 prime?
True
Is 16321911817 a composite number?
False
Is 1053911077 a composite number?
True
Is 45554414359 a prime number?
False
Is 12751442069 a composite number?
True
Is 50717616809 a composite number?
True
Is 231601466807 a prime number?
True
Is 4322721691 composite?
True
Is 3992344651 composite?
True
Is 609410597 a composite number?
False
Is 87773701 a composite number?
False
Is 1001708069 a composite number?
True
Is 7489834669 composite?
True
Is 5342179879 prime?
False
Is 26909609567 prime?
False
Is 24065474473 a composite number?
True
Is 855735403 prime?
False
Is 30107743069 composite?
False
Is 1276106581 a composite number?
True
Is 1507703849 a prime number?
True
Is 1278439853 prime?
False
Is 50756575409 composite?
True
Is 200891297 a prime number?
True
Is 1306207867 prime?
True
Is 126875227 a composite number?
True
Is 28442569709 prime?
False
Is 6672182315 composite?
True
Is 13907015761 a composite number?
False
Is 1937675479 a composite number?
True
Is 4224202129 prime?
False
Is 16752961843 prime?
True
Is 114654093637 composite?
False
Is 1831564979 composite?
False
Is 87968957 composite?
True
Is 2578042741 composite?
True
Is 584806877 composite?
False
Is 1557401183 prime?
False
Is 62076271 composite?
True
Is 25340125091 composite?
True
Is 8074331 a prime number?
False
Is 8827201 a composite number?
True
Is 4005218923 a prime number?
True
Is 91270968871 a composite number?
False
Is 82699531 prime?
True
Is 594078791 composite?
True
Is 9209865607 composite?
True
Is 2398068833 a composite number?
False
Is 115914385 a composite number?
True
Is 1770250091 a composite number?
True
Is 30094145161 prime?
False
Is 2932998511 prime?
True
Is 387742259 composite?
False
Is 1241570087 prime?
True
Is 4122072301 prime?
False
Is 135151439 prime?
True
Is 3644480911 composite?
False
Is 2585219731 a prime number?
True
Is 639361009 a composite number?
True
Is 257641051 a composite number?
False
Is 601979881 composite?
False
Is 22467629785 composite?
True
Is 456942329 a composite number?
False
Is 4676720023 prime?
True
Is 57912339181 a prime number?
True
Is 8401761611 composite?
False
Is 46282892591 a composite number?
True
Is 3011678317 composite?
False
Is 1531504643 composite?
False
Is 7379736269 a composite number?
False
Is 803609437 composite?
True
Is 94317662359 prime?
True
Is 400048787 composite?
False
Is 71176133 prime?
False
Is 271540803397 prime?
True
Is 269027167 prime?
True
Is 20735763473 a composite number?
False
Is 10197138011 prime?
True
Is 1146244739 composite?
True
Is 5881085153 a composite number?
True
Is 1218986387 composite?
True
Is 119161348123 composite?
False
Is 39827468299 a prime number?
False
Is 5824216933 a composite number?
True
Is 4322011637 composite?
True
Is 9695414539 composite?
False
Is 3139700321 prime?
True
Is 187154120171 composite?
True
Is 1618467619 prime?
True
Is 3615723061 composite?
True
Is 14175413753 a composite number?
False
Is 48086495489 prime?
False
Is 8901518621 a prime number?
False
Is 3125874391 composite?
False
Is 181559877257 a composite number?
True
Is 9668275319 a composite number?
True
Is 5964834193 a prime number?
True
Is 56566493 composite?
True
Is 6248827913 a composite number?
False
Is 35181245503 prime?
False
Is 1393635017 prime?
True
Is 18284696609 composite?
False
Is 120872061841 a composite number?
False
Is 2701519291 a composite number?
True
Is 16134602243 composite?
False
Is 6072916657 composite?
False
Is 192338519 a prime number?
False
Is 2537260519 a composite number?
False
Is 440298181 a prime number?
False
Is 188246983 prime?
False
Is 329334983 a composite number?
False
Is 7049161411 prime?
True
Is 61085409287 composite?
True
Is 357026536661 composite?
False
Is 891090731 composite?
False
Is 249516956059 composite?
True
Is 44360685569 prime?
True
Is 8489261623 a composite number?
True
Is 480843047 a prime number?
False
Is 62448178357 prime?
True
Is 33269345 a composite number?
True
Is 355299361 prime?
False
Is 6943056898 composite?
True
Is 213000733 a prime number?
False
Is 6927762847 composite?
True
Is 393175397 prime?
False
Is 1106826337 composite?
False
Is 58181213693 a prime number?
True
Is 29309063471 a composite number?
False
Is 8701206023 prime?
False
Is 590967373 prime?
True
Is 29430623723 prime?
False
Is 1217842987 a composite number?
True
Is 2565625199 a composite number?
False
Is 31810831967 prime?
True
Is 1882828331 a composite number?
False
Is 673843309 a prime number?
False
Is 162732491 prime?
True
Is 23118830341 a prime number?
True
Is 15743252482 prime?
False
Is 2868661811 composite?
False
Is 1096938607 prime?
True
Is 11606428741 a composite number?
False
Is 23709